2 + 17*b + 31. Let j be n(-15). What is the tens digit of (j - 0)/((-3)/(-267))?
8
Let t = 298 + -184. Let g = t - 55. What is the units digit of g?
9
Let p be (-2*28/16)/(5/(-170)). Let l = 296 - p. What is the hundreds digit of l?
1
Let d be 8736/54 - (-2)/9. Suppose -2*j = 26 - d. Suppose 3*q = -q + j. What is the units digit of q?
7
Let o(r) = -r**2 - 10*r - 9. Let k be o(-8). Let t(n) = -2*n + 16 + 9*n - n**3 - k*n. What is the units digit of t(0)?
6
Suppose -3*s - 172 = s. Let y = -36 - s. What is the units digit of y?
7
Let j = 41 + -41. Suppose 29*r - 27*r - 46 = j. What is the tens digit of r?
2
Let r = 6 + 1. Suppose 2*m + 1 + r = 0. Let o(w) = 4*w**2 + 7*w - 5. What is the tens digit of o(m)?
3
Suppose 3*n - 6 = 6, -5*j + 45 = 5*n. Suppose 0*y + 360 = j*l + y, -3*y = 3*l - 204. What is the units digit of l?
3
Let b = -124 + 52. Let p be b/(-27)*6/4. Suppose y + p*y = 20. What is the units digit of y?
4
Let w(a) = a**3 + 10*a**2 - a - 14. Let g be w(-11). Let s = g - -80. Let r = -22 - s. What is the tens digit of r?
2
Suppose 0*s - 682 = -3*b - 5*s, 0 = -2*b + s + 472. Let a = b - 151. What is the tens digit of a?
8
Let i(u) = 1 + 6*u + 33*u - 3. Let v be i(4). What is the tens digit of 7882/v + (-2)/11?
5
Suppose -8*b = -9*b + 597. What is the tens digit of b?
9
Suppose 0 = -8*o + 4993 + 1287. What is the hundreds digit of o?
7
Suppose 23278 = 18*x - 14126. What is the hundreds digit of x?
0
Suppose 27*m - 18850 = -5*j + 24*m, -2*j + 2*m + 7556 = 0. What is the tens digit of j?
7
Suppose 77091 = 25*h + 8116. What is the thousands digit of h?
2
Suppose 0 = -15*q + 2796 + 7659. What is the tens digit of q?
9
Let b be 1 + (3 - 4) + 8. Let v(u) = -u**2 + 8*u. Let y be v(b). Suppose n = y, 2*n = -3*g + 74 + 7. What is the units digit of g?
7
Suppose 4*t = 11666 - 2250. What is the thousands digit of t?
2
Suppose 0 = 4*z + 2*q - 5910, -6934 - 460 = -5*z + 4*q. What is the units digit of z?
8
Suppose 2*w - 4*w = -14. Suppose -3*u + 8 = -w. What is the tens digit of (-1)/u - (-242)/10?
2
Let m be 2/(-10) - 2226/(-30). Let i = -38 + m. What is the tens digit of i?
3
What is the thousands digit of ((-156)/9 + 3)/(30/(-3780))?
1
Let z(y) = 280*y**2 - 33*y - 109. What is the units digit of z(-3)?
0
Let y(h) = -19*h + 28*h - 3*h - 19. What is the tens digit of y(10)?
4
Suppose 5*r - 8 = -23. Let z(t) = -4*t**2 + 3*t. Let o(y) = -2*y**2 + 2*y. Let n(x) = r*z(x) + 5*o(x). What is the units digit of n(1)?
3
Suppose 5*w = 4*j - 34 - 3, 2*j = -3*w + 13. Suppose j*v - 4*v = -116. Let c = -18 - v. What is the units digit of c?
1
Let y be (-1*26 + -1)*-1. Let q = -33 + y. Let a = 25 - q. What is the units digit of a?
1
Suppose 0*u - 192 = -6*u. Suppose 2*r - 3*a + 8 = 0, -r - 3*a = r + u. What is the units digit of (-3)/(-2) + (-25)/r?
4
Let m(x) = -24*x - 22 - x**2 + 10 + 13. What is the tens digit of m(-22)?
4
Let k = 7943 - 36518. What is the tens digit of 1/4 + (k/(-20))/9?
5
Let h(c) = -c**2 - c - 4. Let b(i) = -6*i**2 - 5*i - 21. Let g(o) = -2*b(o) + 11*h(o). What is the units digit of g(9)?
0
Suppose 0 = -0*c + 3*c + 4*f - 1517, 0 = -2*c + f + 1004. What is the units digit of c?
3
Let a(u) = u + 9. Let j be a(-6). Let i(z) = -9 - 3*z + 2*z + j*z. What is the units digit of i(11)?
3
Let z = 2156 + -315. What is the hundreds digit of z?
8
Suppose 0 = -j - 3*a + 30, -3*j + a + 118 = 3*a. Let g = j + 41. What is the tens digit of g?
8
Let s = 22 - 48. Let p = 122 - 126. What is the units digit of s/p + (-12)/(-8)?
8
Suppose -8*c = 52 - 36. Let y(l) = 45*l + 4. Let f(k) = -15*k - 1. Let x(o) = 7*f(o) + 2*y(o). What is the tens digit of x(c)?
3
Suppose -b - 14 = 5. Let u = b + 151. What is the units digit of u?
2
Suppose 4*m = 5*x - 9208, -31*x + 2*m = -30*x - 1844. What is the units digit of x?
0
Suppose -2*u - 6*d + 11*d + 186 = 0, 0 = -3*u - 3*d + 321. What is the tens digit of u?
0
Suppose 2*s - 245 = -3*s. Let f = s + -4. What is the units digit of f?
5
Let i(d) = -d**3 - 7*d**2 + d + 9. Let q be i(-7). Suppose 0 = -y - 4*y. Suppose -5*s - q*c + 100 = y, c + 115 = 3*s + 2*s. What is the tens digit of s?
2
Let w be 4/26 + 162/(-39). Let o be 1*-6 - -1 - w. What is the units digit of 35 + (-1 - (4 + o))?
1
Let c be (-177)/(-6) - 9/6. Let h = c - 17. What is the tens digit of h?
1
What is the hundreds digit of (606/9)/(1 - 1/3)?
1
Suppose 2*a - x + 3 = -a, 0 = 2*a - 2*x + 6. Let s(k) = -4*k + 1 + a*k + 0*k + 8*k. What is the tens digit of s(3)?
1
Let d = 258 - 177. Suppose 265 = -5*h - 5*t, 130 = -4*h + 2*h + 4*t. Let b = h + d. What is the units digit of b?
4
Let o = -37 - -37. Suppose o = 4*p - 5*p + 222. What is the units digit of p?
2
Let p(n) = -7*n. Let a(r) = r. Let k(u) = -5*u. Let o(v) = -4*a(v) - k(v). Let w(m) = -35*o(m) - 6*p(m). What is the tens digit of w(4)?
2
Let x(u) = -2*u**3 - u. Let k be x(-1). Suppose c = -c + 3*i + 13, 0 = 2*c + k*i - 19. What is the units digit of (16/(-1))/((-8)/c)?
6
Let r(a) = -a**2 + 15*a + 21. Let f be r(15). Suppose -g + 15 = -5*v, v - f = -5*g - v. Suppose -g*n = -3*n - 70. What is the units digit of n?
5
Let n(o) = -3*o**3 - 27*o**2 + 31*o + 15. Let k(p) = 5*p**3 + 40*p**2 - 46*p - 23. Let j(a) = 5*k(a) + 8*n(a). What is the tens digit of j(15)?
5
Let g be 6/(-8) + 465/12. Suppose 0 = -3*q + 25 + 14. Suppose q*p = 15*p - g. What is the units digit of p?
9
Let q(p) = -p**3 + 9*p**2 + 10*p + 5. Suppose -5*s - 4*z + 61 + 5 = 0, -44 = -4*s - z. Let x be q(s). Suppose -x*u + 34 + 36 = 0. What is the tens digit of u?
1
Let y(t) = 3*t**2 + 10*t - 202. What is the tens digit of y(11)?
7
Let m = 58 + -41. Suppose -m = -3*n - 5. Suppose 0 = -2*h - h + 2*l + 138, 0 = -h - n*l + 46. What is the tens digit of h?
4
What is the units digit of 1415/(0 + 5) + -1 + 2?
4
Suppose -12*n - 3*g = -17*n + 556, 4*g = 3*n - 327. What is the hundreds digit of n?
1
Suppose 7*b = 4*b + 12. Suppose 3*o + f - 277 = 0, b*o = -f + 120 + 249. What is the units digit of o?
2
Suppose 5*g - 17118 = 3272. What is the hundreds digit of g?
0
Suppose b + 2727 - 7717 = 4*h, -5*h + 15 = 0. What is the tens digit of b?
0
Suppose -2*p - 2*r - 2*r + 1764 = 0, -r - 4355 = -5*p. What is the units digit of p?
2
Suppose 0*v = 5*v + 5. Let w be -6*(v*10 + -1). Suppose -w = -5*z + 3*z. What is the tens digit of z?
3
Suppose 3*o + 0*q + 6 = -5*q, -2*q - 4 = 2*o. Let i be ((-6)/(-9))/(o/(-6)). Suppose 3*u - i*r - 85 = 0, 4*u + 3*r - 75 = 27. What is the units digit of u?
7
Suppose -3*x = -0*x + 3. Let a = 3 - x. Suppose -63 - 13 = -a*h. What is the tens digit of h?
1
Let m(v) = v**2 - 15*v + 21. Let y be m(13). What is the tens digit of (-1816)/(-20) + ((-3)/y)/3?
9
Let t = -18 - -10. Let h = -8 - t. Let w(z) = z**3 - z**2 + 21. What is the units digit of w(h)?
1
Let x = 17 + -19. What is the units digit of (-1)/x - 1703/(-26)?
6
Let o be (-3 - 1)*(-4875)/30. Suppose 524 = 4*s + 3*u, o = 5*s - u + 6*u. What is the units digit of s?
4
Let f = 3222 + -1505. What is the hundreds digit of f?
7
Let b = 25 - -108. What is the hundreds digit of b?
1
Let f be (-4)/18 - 84/108. Let x(t) = 15*t**3 - 2*t - 1. Let q be x(f). Let d = q - -29. What is the tens digit of d?
1
Let r = -142 - -142. Suppose r = 2*p + 3*o - 469, 2*o = -0*p + 2*p - 494. What is the hundreds digit of p?
2
Let p(q) = -q**2 - 12*q - 13. Let y(w) = w + 1. Let x(t) = -p(t) + 5*y(t). What is the units digit of x(-17)?
8
Suppose 908 = -4*i + 2*y + 54, -4*i + 5*y = 857. Let c = -85 - i. What is the units digit of c?
8
Let b(q) = 577*q - 255. What is the thousands digit of b(9)?
4
Suppose 4 = 4*v - 12. Suppose 3*b = 5*k, 5*k + 10 = 9*b - v*b. What is the units digit of b?
5
What is the units digit of ((-110)/(-20))/(-1*1/(-16))?
8
Let q(c) = 10*c + 78. Let j be q(-7). What is the units digit of 2/(-8) + 139*6/j?
4
What is the hundreds digit of (4 + 4061 + -7 - -3) + 1?
0
Let i(r) = r**2 + 6*r + 4. What is the units digit of i(9)?
9
Let p(r) = r**3 + 8*r**2 + 12*r + 5. Let z be p(-6). Suppose -z*k = -4*k - 16. What is the units digit of k?
6
Let c(h) = 2*h**3 + h**2 + h. Let x be c(0). Suppose -2*d = -x*d + 6, 2*r - 5*d - 411 = 0. What is the units digit of r?
8
Let d(k) = k**2 + 3*k + 2. Let m be d(-2). Suppose -2*g + 124 = 2*b - 0*g, -5*b + 2*g + 324 = m. What is the units digit of b?
4
Let z(v)